et t = i - 0. List the prime factors of t.
2, 7
Let w be ((-104)/3)/(-4)*6/4. Suppose -w*s = 2*s - 4020. What are the prime factors of s?
2, 67
Suppose -330*p + 489*p = 3353151. List the prime factors of p.
21089
Let g = 39 + -39. Suppose p = 5*w - 1147, 0 = -w - g*p - 5*p + 245. Suppose -2*u + w = 3*u. What are the prime factors of u?
2, 23
Let n(g) = -1919*g + 244. List the prime factors of n(-7).
3, 47, 97
Let v(n) = 510*n**2 - n + 28. List the prime factors of v(-3).
4621
Let v be ((-1)/3)/((-17)/204). Suppose 0 = 4*n + v*s + 12, -4*n - 6*s - 9 = -s. Let i(l) = 4*l**2 + 6*l + 15. List the prime factors of i(n).
3, 41
Let n(h) = 8*h**3 - 172*h**2 + 51*h - 91. What are the prime factors of n(31)?
2, 3, 12421
Let h be 6/(-4)*(46 + -70). Suppose h*r - 66770 = -19*r. List the prime factors of r.
2, 607
Let u(f) = -405*f**2 - 14339 + 1241*f**2 + 14337 + 20*f. What are the prime factors of u(1)?
2, 7, 61
Let s = 19 + -15. Let x be 52*(-8)/(-80)*10/s. Suppose 240 + 228 = x*i. What are the prime factors of i?
2, 3
Suppose 5*u - 3*b + 2153 - 405 = 0, u + 3*b + 364 = 0. Let l = u - -494. List the prime factors of l.
2, 71
Let n be 17/((-119)/42) - -553. Let b = -540 + n. List the prime factors of b.
7
Let c(y) = -2*y + 16. Let q be c(14). Let g be 6*-2*4/q. Suppose g*l - 4 = 452. List the prime factors of l.
2, 3, 19
Let n = 2769 - 1721. Suppose -43*q - n = -51*q. What are the prime factors of q?
131
Suppose -180720 = -4*d + 5*w, 62*d = 42*d + w + 903696. List the prime factors of d.
5, 7, 1291
Suppose -6 = 2*p, 4*h + p - 6*p = 27. Suppose g + f + f - 27 = 0, h*g + f - 101 = 0. List the prime factors of g.
5, 7
Suppose 4*v - 10348 = 14*s, 5*s + 2626 = v + 8*s. What are the prime factors of v?
2, 163
Let h(n) = 9*n - 75. Let w be h(9). What are the prime factors of 228 + w*(-3)/(-9)*1?
2, 5, 23
Let m be (-36 - -1)*((-26)/14 + 1). Let j = m - 25. Suppose 3*h - n = 202, 334 = -0*h + j*h - 3*n. What are the prime factors of h?
2, 17
Let o(t) = -36*t - 5. Let h be o(-1). Let f = h - 27. Suppose 4*n - 744 = -f*j, n = -0*n + 2*j + 180. List the prime factors of n.
2, 23
Let a(x) = 467*x**2 + 5*x + 4. Let p be (15/(-10))/(3*4/8). List the prime factors of a(p).
2, 233
Let q be -3 - (-4 + (10 - (7 + -4))). Let h be 4932/20 + q/(-15). Let x = h - 94. What are the prime factors of x?
3, 17
Let s(v) = 525*v - 94. Let n be s(2). Let o = n - -183. What are the prime factors of o?
17, 67
Let m = -196 - -250. Suppose 0 = -57*c + m*c + 3684. What are the prime factors of c?
2, 307
Suppose -376519 + 1302513 = 94*v. List the prime factors of v.
9851
Suppose 12061 = 3*o + 32*d - 34*d, -3*o + 12081 = 3*d. List the prime factors of o.
3, 149
Let c = 37 - 27. Suppose c = v + 12. List the prime factors of (1296/(-90))/(v/10).
2, 3
Suppose -43*c + 38*c = 5*j - 107890, 64706 = 3*c - 4*j. List the prime factors of c.
2, 7, 23, 67
Let h be ((-28)/10)/((-16)/(-40)). Let p be 209/(-22) - (h/2 - -2). Let v(s) = s**3 + 9*s**2 - 3*s - 15. What are the prime factors of v(p)?
73
Let x(p) = -25*p**3 - 3*p**2 - 10*p - 20. Let q be x(-4). Suppose o + 1556 = 4*i - 0*o, -4*i = 3*o - q. List the prime factors of i.
2, 3, 5, 13
Suppose -27*u + 20139 = -5592. What are the prime factors of u?
953
Suppose v = -3*o - 0 + 9, 4*o = v + 26. What are the prime factors of 0 - (-279 + -1) - 24/v?
2, 71
Suppose -3*g + 100 = 4*l, -8*g - 24 = -9*g + l. Suppose -5*y - 3*a = -g, -6*y + y + 2*a = -23. What are the prime factors of y?
5
Suppose 11*v - 37666 = 9447. What are the prime factors of v?
4283
Let s = -64 - -44. Let d be (-4128)/s - 1*2/5. Let y = d - 114. List the prime factors of y.
2, 23
Suppose 0*o = -7*o. Suppose -22*g + 20*g + 4 = o. List the prime factors of (g - (-220)/(-8))*-2 + 2.
53
Suppose 4*z - 5*z = 2*n - 2, 0 = 3*n. Suppose 2*p + 1380 = 5*j - 591, 1185 = 3*j - z*p. List the prime factors of j.
3, 131
Let p be 1/4 + -2*30/(-16). Let t be 3*(p - 2) - 0. Suppose t*q - 141 = -9. What are the prime factors of q?
2, 11
Let v = -56386 + -17304. List the prime factors of 9 + v/(-50) - 3/(-15).
1483
Let v be (-15)/10 - (-22)/(-4). Let f(a) be the second derivative of a**4/12 + a**3/6 - 6*a**2 - 65*a. List the prime factors of f(v).
2, 3, 5
Let n = 36 + -33. Let d be 1*(-3)/6*0 + n. Suppose -j = 2*c - 66, -d*j - 4*c + c = -207. List the prime factors of j.
2, 3
Let h(t) = 4*t**3 + 3*t**2 + t + 185. Let m(l) = 5*l**3 + 4*l**2 + 2*l + 184. Let j(i) = 4*h(i) - 3*m(i). Suppose s - 2*s = 0. List the prime factors of j(s).
2, 47
Let p = 38 + -36. Suppose -5*a - 15 = 0, -4*f = -2*a + 5*a + 9. Suppose p*o - 403 - 133 = f. What are the prime factors of o?
2, 67
Suppose -2*y = -y + 24*y. Suppose m - 8*v + 9*v - 206 = 0, -2*m - v + 407 = y. List the prime factors of m.
3, 67
Suppose 14 = 2*f, 4652*k - 4655*k - 2*f = -185351. List the prime factors of k.
3, 20593
Let k(x) = -15569*x**3 + 61*x**2 + 58*x - 3. What are the prime factors of k(-1)?
15569
What are the prime factors of (44418/(-15) + -4)/((-8)/20)?
3, 7, 353
Let a(c) = 1. Let x(m) be the first derivative of -101*m**2/2 + 15*m - 20. Let j(d) = a(d) - x(d). List the prime factors of j(2).
2, 47
Let q be 1 + -2 + 13 - (-4 + 4). Let c = q - 8. Suppose 3*h + o - 114 = c*o, 0 = 2*o. List the prime factors of h.
2, 19
Suppose 5*y - 5*n = -5465, n = y + 6*n + 1099. Let d = y - -2676. List the prime factors of d.
2, 7, 113
Let i be 16/80*(-4 + -1). What are the prime factors of i*(-4)/32 - 20892/(-32)?
653
Let u = -1304 - -6928. List the prime factors of u.
2, 19, 37
Let g(x) = -43*x. Let d be g(2). Suppose 14*m = 3877 - 1077. Let p = d + m. What are the prime factors of p?
2, 3, 19
Suppose -11*f + 0*f = 26*f - 844895. What are the prime factors of f?
5, 4567
Let w = -2850 + 4768. Let s = w + -1290. What are the prime factors of s?
2, 157
Let j(p) = 20*p + 0*p**2 - p**2 + 2*p**2 - 5 - 23*p. Let b be j(5). Suppose 6*f = 2*f - b*h + 372, -3*h = -f + 76. What are the prime factors of f?
2, 11
Suppose 2 = 4*q + 162. Let b be q/4*(6 - 8). What are the prime factors of b/12*3*20?
2, 5
Let y(a) = 9*a - 9. Suppose 2*k + 3*c + 63 = 0, 7*c = 5*k + 2*c + 220. Let z = -34 - k. List the prime factors of y(z).
2, 3
Let q = 7725 + 3107. What are the prime factors of q?
2, 677
Suppose -32*f = -139*f + 2875732. What are the prime factors of f?
2, 6719
Suppose -4*b - 2*i = 18, -4*i - i = 3*b - 4. Let w(o) = o**2 + 7*o + 18. Let j be w(b). List the prime factors of (1947/j - -3) + (-3)/18.
3, 37
Let i be -11 + 16 - (0 - -1). Suppose x - 385 = -i*x. Suppose -4*t + 127 = 5*d - 181, -t + 3*d + x = 0. What are the prime factors of t?
7, 11
Suppose 2*o - 166 = 714. List the prime factors of (o/12)/(2/9).
3, 5, 11
Let m(o) = o**3 - 25*o**2 + 26*o + 6. Suppose 296*n - 302*n = -144. List the prime factors of m(n).
2, 3
Suppose 0 = -4*o + 2*o - 4*h + 84, 0 = -4*o - 4*h + 148. List the prime factors of 4/(o/12)*(-1464)/(-9).
2, 61
Let d be 11 - (145/30 + 3/18). What are the prime factors of (10/d)/((-4)/(-324))?
3, 5
Suppose 99*x + 111 = 96*x. Let b(p) = p**3 + 36*p**2 - 57*p - 117. List the prime factors of b(x).
7, 89
Let u = -2 - -21. Suppose 0 = u*a - 20*a + 323. List the prime factors of a.
17, 19
Let v be -2 + 23/4 + (-22)/(-88). List the prime factors of (v - (-81)/(-2))*-6.
3, 73
Let i(j) = -j**3 - 7*j**2 + 9*j + 9. Let x be i(-8). Let l be 0/((x - 0)*1). Suppose 29 = 3*v + 4*n, -4*v + l*n - 3*n + 41 = 0. List the prime factors of v.
11
Let j = 19496 - 10303. List the prime factors of j.
29, 317
Let f(q) = -q**2 - 10*q - 9. Let m be f(-9). Suppose m*r - r - 3*r = 0. List the prime factors of (8 - 1)*(7 + r).
7
Suppose 5*s - 10258 = -3*g, -s + 9*g - 7*g + 2062 = 0. Suppose s = -8*r + 5382. What are the prime factors of r?
2, 13
Let p(r) = -2*r + 1. Let n be p(-1). Suppose 140*d - 143*d = -1953. Suppose 658 = n*t - 4*j, 3*t + 3*j - d = -0*t. What are the prime factors of t?
2, 109
Let z be (-70)/(1*(3 + -4)). Let t = z + -56. What are the prime factors of 74/4 - t/28?
2, 3
Suppose 0 = -9*v + 65*v + 211*v - 16116654. What are the prime factors of v?
2, 30181
List the prime factors of ((-39808)/(-512))/((-1)/(-40)).
2, 5, 311
Suppose -14*i = 24404 - 98604. Let o be (-1)/(-4) - i/80. Let n = o + 135. What are the prime factors of n?
3, 23
What are the prime factors of -20 + (